
17
Let a be 1917 - (-7 + (0 - 3) + 5). Calculate the highest common factor of a and 62.
62
Suppose 0 = -5*m + 2*m + 24. Let x = 6 + -15. Let v = 79 - x. Calculate the highest common divisor of m and v.
8
Let b be (2 + 3 - -1)/1. Let t be 3/b - (-222)/4. Let u(j) = -23*j + 2. Let d be u(-6). What is the highest common factor of t and d?
28
Suppose 1187 = 5*o - 3*s, o + 0*o - 215 = -5*s. Calculate the highest common factor of o and 10.
5
Suppose 9*a = 3*a - 72. Let p = 45 + a. Calculate the greatest common divisor of 3 and p.
3
Suppose -3*v = 3, 4*m + 2*v + 24 = -66. Let t(k) = k**2 + 14*k - 15. Let h be t(m). Calculate the greatest common factor of h and 23.
23
Let h be (-66)/24 + (-6)/(-8). Let c be ((-1)/(-2))/(h/(-24)). Suppose -c*q + 162 = -4*q. What is the highest common divisor of 9 and q?
9
Suppose -3*r = -6*r + 864. What is the greatest common factor of 64 and r?
32
Suppose 4*d + 5*q - 38 = 2*d, d - 19 = -q. Let j = -444 + 653. Calculate the greatest common divisor of d and j.
19
Let f(p) = 5*p**2 - 107*p + 25. Let t be f(22). Calculate the highest common divisor of 7 and t.
7
Let m = -2219 - -2291. Calculate the highest common divisor of m and 108.
36
Suppose -5*z + 8 = -z. Let l = -138 - -155. Suppose 4*f - 4*c - 44 = 0, -2*f = 4*c - c - l. Calculate the highest common divisor of f and z.
2
Suppose -18*a + 46336 = -2*a. What is the highest common factor of a and 16?
16
Let p = 26822 - 26657. Suppose 0 = 5*s - 4*f - 14, 7 + 2 = 4*s - f. Let i be 15 - (s - 1 - 1). What is the greatest common divisor of p and i?
15
Suppose j = -5*a + 5*j + 44, -3*j + 60 = 4*a. Suppose -4*m = 14 - 62. Calculate the greatest common divisor of a and m.
12
Suppose 0 = -4*d + 4*x - 32, -4 = -d + x - 3*x. Let o be (-2)/d - (-545)/10. Calculate the greatest common divisor of o and 5.
5
Let w(s) = s**3 + 36*s**2 - 59*s - 94. Let l be w(-33). Calculate the greatest common divisor of 80 and l.
80
Suppose -6*n - 3*n = -54. Suppose n*l - 32 = -2*l. What is the greatest common divisor of 28 and l?
4
Suppose 3*h - 93 = 6*h. Let q = h - -58. Let m be -1 + 11 - (-6)/(-6). What is the greatest common divisor of q and m?
9
Let f = -18 - -183. Suppose -4*n - 12 = 0, -3*v + f = v + n. Calculate the greatest common divisor of 420 and v.
42
Suppose -59*q + 107*q = 384. Let w(u) = -u**2 - 3*u + 5. Let z be w(-4). Calculate the greatest common factor of z and q.
1
Let p(q) = -q**3 + 9*q**2 - 6*q - 8. Let o be p(7). Let u be (0 - -2)/(24/36). Suppose u*g + 12 = 5*g. Calculate the greatest common factor of g and o.
6
Suppose z = 4*k + 4, -2*z + 47 = -k + 11. Suppose 0 = 2*w + 4*h - 368, -w - 2*h + 4*h = -176. Calculate the highest common divisor of z and w.
20
Let h = -100 - -39. Let b = 14 - h. Calculate the highest common divisor of b and 15.
15
Let o(f) = f**2 - 2*f + 4. Let q be o(3). Suppose q = 7*g - 140. Let k be 144/15*(-70)/(-4). Calculate the highest common factor of g and k.
21
Let v = -8 - -29. Let t(u) = -u**3 + 4*u**2 + 43*u - 165. Let c be t(4). What is the highest common factor of c and v?
7
Let l be -4 - ((0 - 78) + -6). Suppose -j + 4 + 28 = 0. Calculate the highest common divisor of l and j.
16
Suppose 11*i - 151 = 135. Calculate the highest common factor of 117 and i.
13
Let o(j) = -2*j**2 - 3*j + 8. Let b be o(2). Let k be 3*(1 + (-28)/b). Calculate the greatest common divisor of k and 1.
1
Let m be (-17)/((-459)/18) + (-22)/(-3). Let p(b) = -b**3 + 7*b**2 - 2*b - 4. Let i be p(5). What is the highest common factor of m and i?
4
Suppose 5 = -r + 6*r. Suppose 0 = -2*q + 5 + r. Suppose 73 = q*s + 28. What is the greatest common divisor of s and 120?
15
Let o = 894 + -890. What is the greatest common divisor of 276 and o?
4
Let b(m) = m**3 + 11*m**2 - 16*m - 34. Let l be b(-12). Calculate the highest common factor of 378 and l.
14
Suppose 5*t = l - 632, 4*l - 30*t - 2510 = -28*t. Calculate the greatest common divisor of l and 33.
33
Suppose 0*s = -5*s + 5*p + 70, 0 = -2*s - 5*p + 49. Suppose -5*x = -f - 21 - s, -3*x + f = -22. Calculate the greatest common factor of x and 8.
8
Let w = 37 + -26. Let m(v) = -v**2 - 8*v + 13. Let t be m(w). Let b be t/(-3) - 11/33. What is the highest common factor of 13 and b?
13
Suppose 2*i - 273 = -i. Suppose 5*j = -2*c - 17, -6*j = 2*c - 2*j + 12. Let x be ((-26)/c)/(1/(-2)). Calculate the greatest common divisor of i and x.
13
Let h be 2*(1392/128)/(2/8). Suppose 5*k = -4*q + 78, -2*k = -7*k - q + h. What is the greatest common divisor of k and 144?
18
Suppose -5*y = -4*k + 20 + 22, 3*k - 26 = y. Let m(j) = 8*j + 2. Let f be m(2). Let o be (-40)/3*f/(-15). Calculate the greatest common factor of o and k.
8
Let p(n) = 11*n**2 + 9*n + 8. Let o be p(-3). What is the greatest common factor of 70 and o?
10
Let m be (18/(-5))/((-26)/65). Suppose 33 - m = 6*r. Calculate the greatest common factor of 20 and r.
4
Let k(w) = 2*w**2 + 21*w - 79. Let i be k(-16). What is the greatest common factor of 2425 and i?
97
Let w = -187 - -275. What is the highest common divisor of 11 and w?
11
Let r be (1/((-2)/100))/(-1). Let q = 980 - 960. Calculate the highest common factor of q and r.
10
Suppose -211*z + 198*z = -364. Calculate the greatest common divisor of 8 and z.
4
Let o be (-9)/((-36)/16) + -31. Let r = o - -40. What is the highest common divisor of r and 104?
13
Suppose -58*o + 784 = -492. What is the greatest common divisor of o and 3256?
22
Let w = 3 + 4. Let o(k) = k**3 + 16*k**2 + 40*k + 2. Let h be o(-3). Let y = h + w. What is the greatest common divisor of y and 6?
6
Let a be (4 - (1 + 6)) + -2. Let q be (-20 - a)/((-3)/5). Let n = 5 - 0. Calculate the highest common factor of n and q.
5
Suppose -5 = -2*q + 35. Let t = -18 + q. Suppose 0 = 5*o + 25, -2*f + 4 = -4*f - t*o. Calculate the greatest common factor of f and 12.
3
Let j be (-6)/9*(-90)/12. Suppose -n = -0*d + d - 9, -j*d + 75 = -n. Let b(s) = -4*s - 2. Let l be b(-4). What is the highest common divisor of d and l?
14
Let n be -2 - -33 - 144/18. What is the highest common factor of 1127 and n?
23
Suppose 20 = 5*v, s + 12 = -0*s + 3*v. Let r = 16 - s. Calculate the highest common factor of 4 and r.
4
Let f(s) = s**3 - 3*s**2 - 7*s + 4. Let z = 6 + -1. Suppose -3 = -z*p + 22. Let u be f(p). Calculate the highest common factor of 19 and u.
19
Let j(x) = 8*x - 75. Let u be j(11). What is the highest common divisor of 325 and u?
13
Let w = 6007 - 3861. Calculate the greatest common factor of 58 and w.
58
Suppose 0 = -228*u + 249*u - 2100. What is the highest common factor of 8 and u?
4
Let b(c) = 5*c**2 + 2*c - 3. Let u be b(-5). Let r be 3 + (-2 - -44) + 1*-1. Let l = 58 - r. What is the highest common factor of u and l?
14
Let h be (-3)/3*(0 + 15). Let t be (-60)/2*h/9. What is the highest common factor of 10 and t?
10
Suppose -10 = 4*h + 18. Let x = 15 + h. Let n be x/68 + (-504)/(-51). What is the greatest common factor of 10 and n?
10
Suppose -137*c = -145*c + 224. Let h(d) = 2*d**2 - 7*d - 1. Let t be h(5). Calculate the highest common divisor of c and t.
14
Let q be (-1)/((-5)/425) + (1 - -2). Calculate the greatest common factor of q and 44.
44
Let g(i) = 5*i - 41. Let b be g(13). Let c be b/(-18)*81/(-6). What is the greatest common factor of 162 and c?
18
Let p be (-3 + 1)/(2/(-23)). Suppose 5 = -4*t - 51. Let w = p + t. What is the highest common factor of 9 and w?
9
Let h(u) = -8*u - 17. Let n be h(-7). Calculate the highest common divisor of n and 468.
39
Let b = 1887 - 1122. Calculate the greatest common divisor of 34 and b.
17
Let y be (24/(-16))/(3/(-6)). Suppose 0 = -o - y*o - 52. Let u = 41 + o. Calculate the highest common divisor of 42 and u.
14
Suppose 145 = 3*s - 350. Suppose u + 0*u - s = 0. Let v be -1 - -17 - (5 + -4). What is the greatest common factor of v and u?
15
Let j be 2 - 4 - (-8)/2. Let m(q) = 4*q + 37. Let u be m(-9). What is the highest common divisor of u and j?
1
Let c(j) = 6 - 4*j + 4*j + j. Suppose -4*r - 5 = -5*u, 3*r - 7 + 17 = 5*u. Let z be c(u). What is the greatest common divisor of z and 88?
11
Let l(y) = -y**2 + 20*y - 16. Let z be l(10). Let r = z + -60. What is the highest common factor of 12 and r?
12
Let q(n) = -n**3 - n**2 - n - 1. Let o(w) = 5*w**2 + 3*w - 5. Let i(s) = o(s) - q(s). Let h be i(-5). What is the highest